ne j(q).
-2
Let m(h) be the second derivative of h**3/3 - 6*h**2 + 27*h. What is m(8)?
4
Let d(i) = 2*i. Let o(v) = 13*v. Let z(w) = 14*d(w) - 2*o(w). Suppose 0*a + 4*a + 15 = -c, -4*c = 12. Give z(a).
-6
Let w(t) be the first derivative of 7*t**5/120 + 4*t**3/3 + 4. Let n(l) be the third derivative of w(l). Let u(q) = -q**2 - 2*q + 2. Let y be u(-3). Give n(y).
-7
Let h be (-22)/6 + (-2)/6. Let w(n) = -241 + 242 - 6*n - 3*n**2 - 4*n**2. Let i(z) = -6*z**2 - 6*z. Let q(g) = -6*i(g) + 5*w(g). Determine q(h).
-3
Let k be (12/(-15))/((-6)/15). Let w(h) = -3*h**2 + 0*h**2 + 0*h**3 - h**3 + k*h. Give w(-3).
-6
Suppose -4*p = p + 5, 4 = -n - 4*p. Let r(t) = 1 - 4 - t - 3. What is r(n)?
-6
Let t(u) = u - 1. Let y(q) = q**2 - q - 11. Let r(s) = -4*t(s) + y(s). Give r(6).
-1
Let j = 6 + -5. Let z(h) = 5*h + j + h - 4 - 4*h. Determine z(3).
3
Let y(r) be the first derivative of -5*r**4/4 + r + 42. Determine y(-1).
6
Let t(i) be the second derivative of -i**3/6 - 3*i**2/2 - 13*i. Give t(4).
-7
Let h(a) be the third derivative of -a**4/24 - 2*a**3 + a**2. Let n(z) = -z**2 - 2*z + 3. Let f be n(2). Let r(u) = u + 5. Let l be r(f). Calculate h(l).
-12
Let m(h) = h**3 + 2*h**2 - h - 1. Let f be m(-1). Suppose f = -j + 7. Let l(y) = -y - 2*y**2 + j*y - 3 - 1. Calculate l(3).
-7
Let s(b) = -3 + 0*b + 7 + 2*b**2 - 5*b**2 + b**3 - 4*b. Let d be s(4). Let a(n) = n**2 - 5*n + 2. Calculate a(d).
-2
Let m(j) = j**3 - 5*j**2 - 5*j - 7. Suppose 3*k + 4*f - 38 = -2*k, 0 = -k + f + 4. Let d be 0/(8/2) + k. Determine m(d).
-1
Let a be (0 - -2) + (3 - (7 - 3)). Let y(v) = 4*v**3 - v**2. What is y(a)?
3
Suppose 4*g - 6*g = 4. Let i be (-2 - (g - -2))/2. Let f(c) = -c - 2. Determine f(i).
-1
Let t(u) = 7*u**3 - 9*u**2 - 5*u + 7. Let b(v) = -3*v**3 + 5*v**2 + 3*v - 3. Let m(g) = -5*b(g) - 2*t(g). Give m(8).
25
Let c(x) = 2*x - 2. Let m(o) = 4*o - 4. Let a be (-4)/(-2)*1*-2. Let q(w) = a*m(w) + 7*c(w). What is q(-3)?
8
Let t be (-3)/(-6) - 38/(-4). Let x = 13 - t. Suppose x*w - 5*k - 22 = 0, -4*w - w - k + 18 = 0. Let m(c) = -c**3 + 3*c**2 + 4*c + 3. Determine m(w).
3
Let v(o) = -1 + o + o**3 - 6*o**2 + 3*o + 8. Let q be (25/(-10))/((-2)/4). Suppose -10 = -p - q. What is v(p)?
2
Let j(h) = -4*h - 1. Suppose 5*v = 2*r - 4, 3*r = -5*v - 59 + 15. Let x = r + 6. Calculate j(x).
7
Let d(z) be the third derivative of 0 - z**3 + 0*z - 1/3*z**4 - 1/120*z**6 - 7/60*z**5 - 4*z**2. What is d(-6)?
6
Let x(i) = -2*i + 6. Let k be (-2)/(-3) - 172/(-12). Let l = k + -9. What is x(l)?
-6
Let r(x) = -x + 3. Let h be r(0). Let p(i) = -7*i**3 + 4*i**2 + 3*i. Let u(f) = -3*f**3 + 2*f**2 + 2*f. Let g(s) = 2*p(s) - 5*u(s). Give g(h).
-3
Let p(r) = r**3 - 2*r**2 - 3*r + 2. Let n be 3 + (-9)/3 + 3. Calculate p(n).
2
Let o(k) be the second derivative of -k**6/180 + k**5/40 + 2*k**4/3 + 7*k. Let x(r) be the third derivative of o(r). Determine x(2).
-5
Let i(f) = -2*f + 17. Let h(u) = -u + 8. Let o(a) = 9*h(a) - 4*i(a). Determine o(4).
0
Let x = 1 + 2. Suppose 2*f - i - 4*i = 19, x*f = 5*i + 21. Let g be 3/f - 14/(-4). Let a(s) = -s - 1. Give a(g).
-6
Let q be (0/(-6 + 2))/(-2). Let u(v) = v + 4. Determine u(q).
4
Let c(t) = 29 - 15 - 10*t - 20 - 8 + t**2. What is c(11)?
-3
Let m(a) be the second derivative of -a**5/2 - a**3/3 + a**2/2 - 9*a. What is m(1)?
-11
Let n be (0/(-3))/(3 - 5). Let y(j) be the second derivative of j**5/20 - j**4/12 + j**3/6 - 4*j**2 - 2*j. Give y(n).
-8
Let w(q) = -q**3 + 5*q**2 - 7*q + 6. Suppose -6*y = -y. Let m be 1/(-1 + y) + 21. Suppose t + 4*t - m = 0. Give w(t).
-6
Let v = -1 + 2. Let w(u) = 5*u**3 + 4*u**2 + 2*u + 3. Let l(x) = -10*x**3 - 7*x**2 - 3*x - 5. Let h(t) = -3*l(t) - 5*w(t). Give h(v).
5
Let l(u) = u + 4. Let c be l(-3). Let b = 22 - 20. Let f(a) = -7*a**2 + c + 9*a**2 - 2 + 3*a**b + a. Calculate f(1).
5
Suppose 0 = -0*k - 4*k + 2*i + 6, -2*i + 6 = 0. Let n(r) be the third derivative of 0*r**k + r**2 - 1/4*r**4 + 0 - 1/60*r**5 + 0*r. Give n(-5).
5
Let h(v) = -v**2 + v - 5. Let f be h(0). Let t = f - -9. Let m(k) = 0*k - 3 - 2*k**2 + k**3 + 0 + t*k. Calculate m(2).
5
Let i(n) = -n - 2. Let o(b) = 8*b**3 + b**2 + 3*b + 3. Let s be o(-1). Give i(s).
5
Let p(o) = -o**2. Let y(q) = 2*q - 35. Let v be y(17). Determine p(v).
-1
Let m(d) = 4*d. Let k be m(2). Let c = 10 - k. Let i(h) = -2*h**2 - h - 1 - c - 4*h - 3*h. Give i(-5).
-13
Let o(i) = i**2 + 5*i - 2. Let t(y) = -y**3 + 7*y**2 + 8*y - 5. Let c = 7 + -7. Suppose -2*m + m - 5 = 0, c = -3*s - 3*m + 9. Let f be t(s). Give o(f).
-2
Let c(j) = j**2 + j - 1. Let h be (-1)/3 - (-4)/3. Give c(h).
1
Let f be -18*(-3 + (-40)/(-15) + 0). Let a(u) = -11*u**3 + 15*u**2 + 23*u - 10. Let b(t) = 4*t**3 - 5*t**2 - 8*t + 3. Let k(i) = -3*a(i) - 8*b(i). Give k(f).
12
Let n(m) = -m - m**3 + 0*m**3 + 2 - 3*m**2 + 2*m**2 + 1. Calculate n(0).
3
Let b = 3 + -3. Let y(v) = v - 1. Let r(j) = -1. Let n(w) = 2*r(w) + y(w). Determine n(b).
-3
Let v = -2 - -2. Let q(c) = -21 - 18*c**2 + v - 2*c**2 + c. Let n(s) = 7*s**2 + 7. Let d(m) = -17*n(m) - 6*q(m). What is d(5)?
2
Let f(h) be the first derivative of -h**2/2 - h - 7. What is f(1)?
-2
Let t(i) be the third derivative of 0*i**3 + 0*i - 1/30*i**5 - 1/504*i**7 + 1/720*i**6 - i**2 + 0*i**4 + 0. Let o(u) be the third derivative of t(u). Give o(1).
-9
Let n(u) be the second derivative of 1/6*u**3 - 2*u - 1/2*u**2 + 0. Give n(2).
1
Let u be (0 + -1)*(-10 - 3). Let r = 18 - u. Suppose -2*x - m = -r, x = -4*m + 4 + 9. Let j(t) = 10*t**3 - t. What is j(x)?
9
Suppose 3*u - 7 = 2. Let a(n) = n**2 - 1 + n**u - n**2 + 11. Let p = 0 + 0. Determine a(p).
10
Let h(d) be the first derivative of 5*d**3/3 + d**2/2 - 1. Let b be -4 + (-5*4)/(-4). Determine h(b).
6
Let t(l) = 3*l + 3*l**2 + 246*l**3 - 9*l**2 + 2 - 245*l**3. Give t(5).
-8
Let b(g) = -g**2 + 3*g - 1. Let v = 3 + -1. Let q(i) = -6 + 3*i + 7 - 3. Let t(j) = v*b(j) - 3*q(j). Calculate t(-3).
-5
Let z(f) = 7*f**2 - 1. Let w(v) = 3*v**2 - 1. Let j(b) = -5*w(b) + 2*z(b). Calculate j(4).
-13
Let w(a) = -a**3 - 6*a**2 - a + 1. Suppose 4*r - 2*s + 38 = 0, -3*r - 4*s + 0 = 1. Let h(t) = -t**3 - 8*t**2 - 7*t - 6. Let l be h(r). What is w(l)?
7
Let s = -15 - -20. Suppose 0*q + s*q = a - 24, 5*a = -4*q - 25. Let y(k) = k. Give y(a).
-1
Let o(q) = -q**3 - 4 - 8*q + 120*q**2 - 127*q**2 - 3. Calculate o(-6).
5
Suppose 2*a - 12 = -0*a. Let b(i) = 3*i**2 + 5 + 3*i - a*i**2 + 2*i**2. Let j = -6 - -11. Determine b(j).
-5
Let t(i) = -2*i - 8. Let m be t(-6). Suppose -m = y - 0. Let r be ((-14)/(-21))/(y/6). Let p(s) = 7*s**3 - s**2 + 1. Calculate p(r).
-7
Suppose 2*x = -x + 9. Suppose -6*u = g - 2*u + 3, 2*g = x*u + 5. Suppose -v = -i + g, 2*v = 6*v - 5*i. Let h(q) = q. Give h(v).
-5
Let x = 1 + -1. Let n(f) = -4 - 18 + 23 + f. What is n(x)?
1
Let k be (1 - -1)*(-5)/10. Let s be (-1 - k) + 7 + -4. Let l(c) = -c + 5. Calculate l(s).
2
Let v(d) = d**2 + 7*d + 6. Let a(b) = -b**2 - b. Let p(h) = -h**3 - h**2 - 2*h - 2. Let o(i) = -3*a(i) - p(i). Suppose -6 = 4*f + 6. Let n be o(f). Give v(n).
-6
Let z = 21 + -17. Suppose 3 + 1 = z*w. Let k(y) = -7*y**2 - 2*y + 1. What is k(w)?
-8
Suppose -d - 4*k = -2*d + 5, 2*k + 2 = 0. Suppose 13*l - 156 = 91. Suppose -2*r = -h + 7, 5*h - d = 5*r + l. Let z(j) = j**3 + 5*j**2 + 3*j - 3. Determine z(r).
6
Let r(s) be the second derivative of s**3/6 - s**2/2 + 11*s. What is r(-5)?
-6
Let i(c) = -10*c**2 - c. Let b be i(-1). Let q = -5 - b. Let a(k) = k**2 + 5 - 5 - 1 - 5*k. What is a(q)?
-5
Let a = 5 - 2. Let k(z) = 4*z - 3 + a + 2. Give k(2).
10
Let a be (-2)/(-4)*80/10. Let x be 0*2*a/(-8). Let l(y) = y - 12. Calculate l(x).
-12
Suppose 4*n = 4*x - 17 - 3, -2*x - 4*n = 8. Let m(o) = o**2 - o - 1. Determine m(x).
1
Let m(d) be the first derivative of d**3/6 - d**2/2 - 2*d + 2. Let b(v) be the first derivative of m(v). Determine b(2).
1
Let r(f) = -f - 14. Let p be 8/(3/(-18)*4). Determine r(p).
-2
Let h(y) = -y**3 - 6*y**2 - 5*y - 4. Let z be h(-5). Suppose 2*d - 2 = 6. Let i(v) = 5 - 5 + d*v - 3*v + 1. Determine i(z).
-3
Let r(s) = s**3 - 7*s**2 - 8*s + 2. Suppose 5*o = -3*a + 43, 3*o + 4*a - 20 = 8*a. What is r(o)?
2
Suppose 41 = 3*y + 17. Let q = y + -5. Let j(p) = -p**3 + p**2 + 3*p + 1. Determine j(q).
-8
Let d be ((-5)/2 - -2)*-4. Let v be (2 + -1 + d)/1. Let w(m) = 2*m**2 - 4*m - 3*m**2 + m - v. Determine w(-4).
-7
Let